{"id":529,"date":"2010-08-19T20:00:57","date_gmt":"2010-08-20T02:00:57","guid":{"rendered":"http:\/\/www.galeriaoctagono.com\/blog\/?page_id=529"},"modified":"2021-07-07T17:59:00","modified_gmt":"2021-07-07T23:59:00","slug":"2009-exhibiciones-exhibits","status":"publish","type":"page","link":"https:\/\/www.galeriaoctagono.com\/blog\/?page_id=529","title":{"rendered":"2009: Exhibiciones &#8211; Exhibits"},"content":{"rendered":"<p><a href='http:\/\/www.galeriaoctagono.com\/blog\/\/wp-content\/uploads\/ata-2.JPG' title='ata-2.JPG'><img src='http:\/\/www.galeriaoctagono.com\/blog\/\/wp-content\/uploads\/ata-2.thumbnail.JPG' alt='ata-2.JPG' \/><\/a>  <a href='http:\/\/www.galeriaoctagono.com\/blog\/\/wp-content\/uploads\/2ataduras-tandlich.JPG' title='2ataduras-tandlich.JPG'><img src='http:\/\/www.galeriaoctagono.com\/blog\/\/wp-content\/uploads\/2ataduras-tandlich.thumbnail.JPG' alt='2ataduras-tandlich.JPG' \/><\/a>   &#8220;Ata2&#8221; &#8220;Ties 2&#8221; Silvia Piza-Tandlich  <\/p>\n<p>Papel, tela, hilos y lanas. Crochet, cosido, appliqu\u00e9 y quilting. Obra org\u00e1nica hecha a mano.<br \/>\n<em>Paper, fabric, threads and yarns. Crochet, stitching, appliqu\u00e9 and quilting. Organic, handmade work.<\/em> <\/p>\n<p>&#8212;&#8212;&#8212;&#8212;&#8212;&#8212;&#8212;&#8212;&#8212;&#8212;&#8212;&#8212;&#8212;&#8212;&#8212;&#8212;&#8212;&#8212;&#8212;&#8212;&#8211;<br \/>\n<strong>Muestra colectiva &#8220;Mujeres en el arte&#8221; &#8211; <em>Collective show, &#8220;Women In Art&#8221;<\/em><br \/>\nColegio de Abogados, San Jos\u00e9, Costa Rica &#8211; <em>Costa Rica Lawyers Association<\/em><br \/>\n18 al 30 de mayo, 2009 &#8211; <em>May 18 to 30, 2009.<\/em><br \/>\nInauguraci\u00f3n: 19 de mayo, 18 horas &#8211; <em>Inauguration: May 19th, 6:00pm<\/em><\/strong><br \/>\n<a href=\"http:\/\/www.galeriaoctagono.com\/blog\/wp-content\/uploads\/Ataduras2.jpg\"><img loading=\"lazy\" decoding=\"async\" src=\"http:\/\/www.galeriaoctagono.com\/blog\/wp-content\/uploads\/Ataduras2.jpg\" alt=\"\" width=\"441\" height=\"640\" class=\"aligncenter size-full wp-image-2105\" srcset=\"https:\/\/www.galeriaoctagono.com\/blog\/wp-content\/uploads\/Ataduras2.jpg 441w, https:\/\/www.galeriaoctagono.com\/blog\/wp-content\/uploads\/Ataduras2-207x300.jpg 207w, https:\/\/www.galeriaoctagono.com\/blog\/wp-content\/uploads\/Ataduras2-103x150.jpg 103w\" sizes=\"auto, (max-width: 441px) 100vw, 441px\" \/><\/a><br \/>\n<a href=\"http:\/\/www.galeriaoctagono.com\/blog\/wp-content\/uploads\/Ataduras2-foto5.jpg\"><img loading=\"lazy\" decoding=\"async\" src=\"http:\/\/www.galeriaoctagono.com\/blog\/wp-content\/uploads\/Ataduras2-foto5.jpg\" alt=\"\" width=\"640\" height=\"480\" class=\"aligncenter size-full wp-image-2106\" srcset=\"https:\/\/www.galeriaoctagono.com\/blog\/wp-content\/uploads\/Ataduras2-foto5.jpg 640w, https:\/\/www.galeriaoctagono.com\/blog\/wp-content\/uploads\/Ataduras2-foto5-300x225.jpg 300w, https:\/\/www.galeriaoctagono.com\/blog\/wp-content\/uploads\/Ataduras2-foto5-150x113.jpg 150w\" sizes=\"auto, (max-width: 640px) 100vw, 640px\" \/><\/a><br \/>\n<a href=\"http:\/\/www.galeriaoctagono.com\/blog\/wp-content\/uploads\/ataduras2-foto4.jpg\"><img loading=\"lazy\" decoding=\"async\" src=\"http:\/\/www.galeriaoctagono.com\/blog\/wp-content\/uploads\/ataduras2-foto4.jpg\" alt=\"\" width=\"640\" height=\"519\" class=\"aligncenter size-full wp-image-2107\" srcset=\"https:\/\/www.galeriaoctagono.com\/blog\/wp-content\/uploads\/ataduras2-foto4.jpg 640w, https:\/\/www.galeriaoctagono.com\/blog\/wp-content\/uploads\/ataduras2-foto4-300x243.jpg 300w, https:\/\/www.galeriaoctagono.com\/blog\/wp-content\/uploads\/ataduras2-foto4-150x122.jpg 150w\" sizes=\"auto, (max-width: 640px) 100vw, 640px\" \/><\/a><\/p>\n<p>&#8212;&#8212;&#8212;&#8212;&#8212;&#8212;&#8212;&#8212;&#8212;&#8212;&#8212;&#8212;&#8212;&#8212;&#8212;&#8212;&#8212;&#8212;&#8212;&#8212;&#8211;  <\/p>\n<p>Muestra colectiva: <strong>&#8220;MUJERES EN EL ARTE&#8221;<\/strong><br \/>\n17 de marzo al 23 de abril de 2009<br \/>\nGaler\u00eda Wanamaker Barrio Dent, Centro Cultural Costarricense Norteamericano &#8211; San Jos\u00e9, Costa Rica<br \/>\n<em>Collective exhibit: <strong>&#8220;WOMEN IN ART&#8221;<\/strong><br \/>\nMarch 17 to April 23, 2009<br \/>\nMain Wanamaker Gallery, Costa Rican-North American Cultural Center, San Jos\u00e9, Costa Rica<\/em><br \/>\n<a href=\"http:\/\/www.galeriaoctagono.com\/blog\/wp-content\/uploads\/Ataduras2-foto-6-1.jpg\"><img loading=\"lazy\" decoding=\"async\" src=\"http:\/\/www.galeriaoctagono.com\/blog\/wp-content\/uploads\/Ataduras2-foto-6-1.jpg\" alt=\"\" width=\"640\" height=\"480\" class=\"aligncenter size-full wp-image-2111\" srcset=\"https:\/\/www.galeriaoctagono.com\/blog\/wp-content\/uploads\/Ataduras2-foto-6-1.jpg 640w, https:\/\/www.galeriaoctagono.com\/blog\/wp-content\/uploads\/Ataduras2-foto-6-1-300x225.jpg 300w, https:\/\/www.galeriaoctagono.com\/blog\/wp-content\/uploads\/Ataduras2-foto-6-1-150x113.jpg 150w\" sizes=\"auto, (max-width: 640px) 100vw, 640px\" \/><\/a><br \/>\n&#8212;&#8212;&#8212;&#8212;&#8212;&#8212;&#8212;&#8212;&#8212;&#8212;&#8212;&#8212;&#8212;&#8212;&#8212;&#8212;&#8212;<\/p>\n<p><strong>ARBOL DE LA INTERDEPENDENCIA<\/strong><br \/>\nLa Colaborativa Internacional de Fibras bajo la direcci\u00f3n de Jennifer Marsh, ha terminado el <strong>Arbol de la Interdependencia<\/strong>, el cual est\u00e1 en exposici\u00f3n en el Festival de Artes Panoply del Parque Internacional Big Springs en la ciudad de Huntsville en Alabama, USA y a partir del 4 de mayo estar\u00e1 en exhibici\u00f3n permanente en el Earlyworks Children&#8217;s Museum en Huntsville, Alabama, EEUU.<br \/>\nEl arbol fue constru\u00eddo por participantes de 23 pa\u00edses y 29 estados de los EEUU. Mide 7.5m de alto X 8m de ancho y tiene m\u00e1s de 7 000 hojas hechas en t\u00e9cnicas textiles. <strong>La Galer\u00eda Oct\u00e1gono hizo 204 hojas.<\/strong><\/p>\n<p><a href='http:\/\/www.galeriaoctagono.com\/blog\/\/wp-content\/uploads\/tree-inderdependence.jpg' title='tree-inderdependence.jpg'><img src='http:\/\/www.galeriaoctagono.com\/blog\/\/wp-content\/uploads\/tree-inderdependence.thumbnail.jpg' alt='tree-inderdependence.jpg' \/><\/a><br \/>\n<strong><em>TREE OF INTERDEPENDENCE<\/em><\/strong><br \/>\n<em>The International Fiber Collaborative under the direction of Jennifer Marsh has finished the <strong>Tree of Interdependence<\/strong>, which is on display at the Panoply Arts Festival, Big Springs International Park, Huntsville, Alabama, USA and will be permanently displayed at the Earlyworks Children&#8217;s Museum in Huntsville, Alabama, USA.<br \/>\nThis tree was made by participants from 23 countries, and 29 states of the USA. It is 25 feet tall by 26 feet wide and has more than 7,000 leaves made in textile techniques.<\/p>\n<p><strong>Galer\u00eda Oct\u00e1gono made 204 leaves.<\/strong><\/em><br \/>\nhttp:\/\/www.internationalfibercollaborative.com<\/p>\n","protected":false},"excerpt":{"rendered":"<p>&#8220;Ata2&#8221; &#8220;Ties 2&#8221; Silvia Piza-Tandlich Papel, tela, hilos y lanas. Crochet, cosido, appliqu\u00e9 y quilting. Obra org\u00e1nica hecha a mano. Paper, fabric, threads and yarns. Crochet, stitching, appliqu\u00e9 and quilting. Organic, handmade work. &#8212;&#8212;&#8212;&#8212;&#8212;&#8212;&#8212;&#8212;&#8212;&#8212;&#8212;&#8212;&#8212;&#8212;&#8212;&#8212;&#8212;&#8212;&#8212;&#8212;&#8211; Muestra colectiva &#8220;Mujeres en el arte&#8221; &#8211; Collective show, &#8220;Women In Art&#8221; Colegio de Abogados, San Jos\u00e9, Costa Rica &#8211; Costa &hellip; <\/p>\n<p class=\"link-more\"><a href=\"https:\/\/www.galeriaoctagono.com\/blog\/?page_id=529\" class=\"more-link\">Continue reading<span class=\"screen-reader-text\"> &#8220;2009: Exhibiciones &#8211; Exhibits&#8221;<\/span><\/a><\/p>\n","protected":false},"author":3,"featured_media":0,"parent":0,"menu_order":7,"comment_status":"closed","ping_status":"closed","template":"","meta":{"footnotes":""},"class_list":["post-529","page","type-page","status-publish","hentry"],"_links":{"self":[{"href":"https:\/\/www.galeriaoctagono.com\/blog\/index.php?rest_route=\/wp\/v2\/pages\/529","targetHints":{"allow":["GET"]}}],"collection":[{"href":"https:\/\/www.galeriaoctagono.com\/blog\/index.php?rest_route=\/wp\/v2\/pages"}],"about":[{"href":"https:\/\/www.galeriaoctagono.com\/blog\/index.php?rest_route=\/wp\/v2\/types\/page"}],"author":[{"embeddable":true,"href":"https:\/\/www.galeriaoctagono.com\/blog\/index.php?rest_route=\/wp\/v2\/users\/3"}],"replies":[{"embeddable":true,"href":"https:\/\/www.galeriaoctagono.com\/blog\/index.php?rest_route=%2Fwp%2Fv2%2Fcomments&post=529"}],"version-history":[{"count":9,"href":"https:\/\/www.galeriaoctagono.com\/blog\/index.php?rest_route=\/wp\/v2\/pages\/529\/revisions"}],"predecessor-version":[{"id":2112,"href":"https:\/\/www.galeriaoctagono.com\/blog\/index.php?rest_route=\/wp\/v2\/pages\/529\/revisions\/2112"}],"wp:attachment":[{"href":"https:\/\/www.galeriaoctagono.com\/blog\/index.php?rest_route=%2Fwp%2Fv2%2Fmedia&parent=529"}],"curies":[{"name":"wp","href":"https:\/\/api.w.org\/{rel}","templated":true}]}}