{"id":1270,"date":"2014-05-08T11:04:49","date_gmt":"2014-05-08T17:04:49","guid":{"rendered":"http:\/\/www.galeriaoctagono.com\/blog\/?page_id=1270"},"modified":"2021-07-07T08:35:05","modified_gmt":"2021-07-07T14:35:05","slug":"2014-expo-ii-contextile","status":"publish","type":"page","link":"https:\/\/www.galeriaoctagono.com\/blog\/?page_id=1270","title":{"rendered":"2014 Expo: II CONTEXTILE"},"content":{"rendered":"<p><a href=\"http:\/\/www.galeriaoctagono.com\/blog\/wp-content\/uploads\/CONTEXTILE-logo.png\"><img loading=\"lazy\" decoding=\"async\" src=\"http:\/\/www.galeriaoctagono.com\/blog\/wp-content\/uploads\/CONTEXTILE-logo.png\" alt=\"CONTEXTILE logo\" width=\"982\" height=\"322\" class=\"alignleft size-full wp-image-1271\" srcset=\"https:\/\/www.galeriaoctagono.com\/blog\/wp-content\/uploads\/CONTEXTILE-logo.png 982w, https:\/\/www.galeriaoctagono.com\/blog\/wp-content\/uploads\/CONTEXTILE-logo-300x98.png 300w, https:\/\/www.galeriaoctagono.com\/blog\/wp-content\/uploads\/CONTEXTILE-logo-500x163.png 500w\" sizes=\"auto, (max-width: 767px) 89vw, (max-width: 1000px) 54vw, (max-width: 1071px) 543px, 580px\" \/><\/a><\/p>\n<p>Silvia Piza-Tandlich. \u201cBasti\u00f3n de Sabidur\u00eda\u201d \/ &#8220;Bastion of Wisdom&#8221; <\/p>\n<p>Microfibra, metal, lanas, cord\u00f3n te\u00f1ido a mano, hilos.<br \/>\nEmbosado, bordado, crochet, wrapping y acolchado.<\/p>\n<p>Microfiber, metal, yarns, hand-dyed cord, threads.<br \/>\nEmbossing, embroidery, crochet, wrapping, and quilting.<br \/>\n<img loading=\"lazy\" decoding=\"async\" src=\"http:\/\/www.galeriaoctagono.com\/blog\/wp-content\/uploads\/Piza-Tandlich.-Bastion-768x1024.jpg\" alt=\"\" width=\"525\" height=\"700\" class=\"aligncenter size-large wp-image-2098\" srcset=\"https:\/\/www.galeriaoctagono.com\/blog\/wp-content\/uploads\/Piza-Tandlich.-Bastion-768x1024.jpg 768w, https:\/\/www.galeriaoctagono.com\/blog\/wp-content\/uploads\/Piza-Tandlich.-Bastion-225x300.jpg 225w, https:\/\/www.galeriaoctagono.com\/blog\/wp-content\/uploads\/Piza-Tandlich.-Bastion-113x150.jpg 113w, https:\/\/www.galeriaoctagono.com\/blog\/wp-content\/uploads\/Piza-Tandlich.-Bastion.jpg 960w\" sizes=\"auto, (max-width: 525px) 100vw, 525px\" \/><\/p>\n<p>76 X 183 cm.<br \/>\n3Kg.<br \/>\nCuaderno \/ <strong>Notebook<\/strong>:  25 X 30 cm<br \/>\n<a href=\"http:\/\/www.galeriaoctagono.com\/blog\/wp-content\/uploads\/Piza-Tandlich.Notebo.pdf\">Piza-Tandlich.Notebook<\/a><\/p>\n<p>A pesar de la diversidad cultural, los dichos y proverbios existen en todas las culturas y presentan conceptos hom\u00f3logos de una lengua a otra.<br \/>\nJunto a la sabidur\u00eda popular de los dichos, refranes y proverbios, el metal rescatado de tacitas para candela al hacer esta obra, nos recuerda el papel que la luz ha tenido en el acto humano de desear frente al fuego: una pr\u00e1ctica com\u00fan en todo el mundo, a trav\u00e9s de la historia.<br \/>\nAmbas costumbres imperecederas aparecen en esta obra, bordadas en nueve idiomas: espa\u00f1ol, ingl\u00e9s, franc\u00e9s, esperanto, polaco, portugu\u00e9s, italiano, alem\u00e1n y japon\u00e9s \u2014con un cuaderno de interacci\u00f3n, donde el p\u00fablico puede dejar su propio refr\u00e1n\u2014 todo representando la diversidad del deseo y el conocimiento.<br \/>\n<img loading=\"lazy\" decoding=\"async\" src=\"http:\/\/www.galeriaoctagono.com\/blog\/wp-content\/uploads\/Piza-Tandlich.Bastion-1024x568.jpg\" alt=\"\" width=\"525\" height=\"291\" class=\"aligncenter size-large wp-image-2099\" srcset=\"https:\/\/www.galeriaoctagono.com\/blog\/wp-content\/uploads\/Piza-Tandlich.Bastion-1024x568.jpg 1024w, https:\/\/www.galeriaoctagono.com\/blog\/wp-content\/uploads\/Piza-Tandlich.Bastion-300x166.jpg 300w, https:\/\/www.galeriaoctagono.com\/blog\/wp-content\/uploads\/Piza-Tandlich.Bastion-150x83.jpg 150w, https:\/\/www.galeriaoctagono.com\/blog\/wp-content\/uploads\/Piza-Tandlich.Bastion-768x426.jpg 768w, https:\/\/www.galeriaoctagono.com\/blog\/wp-content\/uploads\/Piza-Tandlich.Bastion.jpg 1280w\" sizes=\"auto, (max-width: 525px) 100vw, 525px\" \/><\/p>\n<p><strong>Despite cultural diversity, sayings and proverbs exist in all cultures, presenting homologous concepts from one language to another.<br \/>\nAlongside the popular wisdom in sayings, refrains, and proverbs, the metal rescued from candle cups during the making of this work, reminds us of the role the candle played in the human act of wishing before a fire\u2014a common practice worldwide and throughout history.<br \/>\nBoth imperishable customs appear in this work, embroidered in nine languages: Spanish, English, French, Esperanto, Polish, Portuguese, Italian, German, and Japanese\u2014together with an interaction notebook where people can leave their own proverb\u2014all of them representing the diversity of wishing, and knowing.<\/strong><br \/>\n<a href=\"http:\/\/www.galeriaoctagono.com\/blog\/wp-content\/uploads\/Piza-Tandlich.-Bastion.detail3.jpg\"><img loading=\"lazy\" decoding=\"async\" src=\"http:\/\/www.galeriaoctagono.com\/blog\/wp-content\/uploads\/Piza-Tandlich.-Bastion.detail3-1024x768.jpg\" alt=\"\" width=\"525\" height=\"394\" class=\"aligncenter size-large wp-image-2100\" srcset=\"https:\/\/www.galeriaoctagono.com\/blog\/wp-content\/uploads\/Piza-Tandlich.-Bastion.detail3-1024x768.jpg 1024w, https:\/\/www.galeriaoctagono.com\/blog\/wp-content\/uploads\/Piza-Tandlich.-Bastion.detail3-300x225.jpg 300w, https:\/\/www.galeriaoctagono.com\/blog\/wp-content\/uploads\/Piza-Tandlich.-Bastion.detail3-150x113.jpg 150w, https:\/\/www.galeriaoctagono.com\/blog\/wp-content\/uploads\/Piza-Tandlich.-Bastion.detail3-768x576.jpg 768w, https:\/\/www.galeriaoctagono.com\/blog\/wp-content\/uploads\/Piza-Tandlich.-Bastion.detail3.jpg 1280w\" sizes=\"auto, (max-width: 525px) 100vw, 525px\" \/><\/a><\/p>\n","protected":false},"excerpt":{"rendered":"<p>Silvia Piza-Tandlich. \u201cBasti\u00f3n de Sabidur\u00eda\u201d \/ &#8220;Bastion of Wisdom&#8221; Microfibra, metal, lanas, cord\u00f3n te\u00f1ido a mano, hilos. Embosado, bordado, crochet, wrapping y acolchado. Microfiber, metal, yarns, hand-dyed cord, threads. Embossing, embroidery, crochet, wrapping, and quilting. 76 X 183 cm. 3Kg. Cuaderno \/ Notebook: 25 X 30 cm Piza-Tandlich.Notebook A pesar de la diversidad cultural, los &hellip; <\/p>\n<p class=\"link-more\"><a href=\"https:\/\/www.galeriaoctagono.com\/blog\/?page_id=1270\" class=\"more-link\">Continue reading<span class=\"screen-reader-text\"> &#8220;2014 Expo: II CONTEXTILE&#8221;<\/span><\/a><\/p>\n","protected":false},"author":3,"featured_media":0,"parent":0,"menu_order":2,"comment_status":"closed","ping_status":"closed","template":"","meta":{"footnotes":""},"class_list":["post-1270","page","type-page","status-publish","hentry"],"_links":{"self":[{"href":"https:\/\/www.galeriaoctagono.com\/blog\/index.php?rest_route=\/wp\/v2\/pages\/1270","targetHints":{"allow":["GET"]}}],"collection":[{"href":"https:\/\/www.galeriaoctagono.com\/blog\/index.php?rest_route=\/wp\/v2\/pages"}],"about":[{"href":"https:\/\/www.galeriaoctagono.com\/blog\/index.php?rest_route=\/wp\/v2\/types\/page"}],"author":[{"embeddable":true,"href":"https:\/\/www.galeriaoctagono.com\/blog\/index.php?rest_route=\/wp\/v2\/users\/3"}],"replies":[{"embeddable":true,"href":"https:\/\/www.galeriaoctagono.com\/blog\/index.php?rest_route=%2Fwp%2Fv2%2Fcomments&post=1270"}],"version-history":[{"count":6,"href":"https:\/\/www.galeriaoctagono.com\/blog\/index.php?rest_route=\/wp\/v2\/pages\/1270\/revisions"}],"predecessor-version":[{"id":2102,"href":"https:\/\/www.galeriaoctagono.com\/blog\/index.php?rest_route=\/wp\/v2\/pages\/1270\/revisions\/2102"}],"wp:attachment":[{"href":"https:\/\/www.galeriaoctagono.com\/blog\/index.php?rest_route=%2Fwp%2Fv2%2Fmedia&parent=1270"}],"curies":[{"name":"wp","href":"https:\/\/api.w.org\/{rel}","templated":true}]}}